{"id":244,"date":"2016-03-20T16:05:57","date_gmt":"2016-03-20T20:05:57","guid":{"rendered":"http:\/\/gpsanbartolome.gob.ec\/azuay\/?page_id=244"},"modified":"2016-03-30T17:40:54","modified_gmt":"2016-03-30T21:40:54","slug":"rendicion-de-cuentas-2015","status":"publish","type":"page","link":"https:\/\/gpsanbartolome.gob.ec\/azuay\/rendicion-de-cuentas-2015\/","title":{"rendered":"Rendici\u00f3n de Cuentas 2015"},"content":{"rendered":"<p>RENDICI\u00d3N DE CUENTAS A LA CIUDADAN\u00cdA 2015<\/p>\n<p><a href=\"http:\/\/gpsanbartolome.gob.ec\/azuay\/wp-content\/uploads\/2016\/03\/ADMINISTRACION-2015.pdf\">ADMINISTRACION 2015<\/a><\/p>\n","protected":false},"excerpt":{"rendered":"<p>RENDICI\u00d3N DE CUENTAS A LA CIUDADAN\u00cdA 2015 ADMINISTRACION 2015<\/p>\n","protected":false},"author":6,"featured_media":0,"parent":0,"menu_order":0,"comment_status":"closed","ping_status":"closed","template":"","meta":{"_joinchat":[],"footnotes":""},"yst_prominent_words":[],"class_list":["post-244","page","type-page","status-publish","hentry"],"_links":{"self":[{"href":"https:\/\/gpsanbartolome.gob.ec\/azuay\/wp-json\/wp\/v2\/pages\/244","targetHints":{"allow":["GET"]}}],"collection":[{"href":"https:\/\/gpsanbartolome.gob.ec\/azuay\/wp-json\/wp\/v2\/pages"}],"about":[{"href":"https:\/\/gpsanbartolome.gob.ec\/azuay\/wp-json\/wp\/v2\/types\/page"}],"author":[{"embeddable":true,"href":"https:\/\/gpsanbartolome.gob.ec\/azuay\/wp-json\/wp\/v2\/users\/6"}],"replies":[{"embeddable":true,"href":"https:\/\/gpsanbartolome.gob.ec\/azuay\/wp-json\/wp\/v2\/comments?post=244"}],"version-history":[{"count":3,"href":"https:\/\/gpsanbartolome.gob.ec\/azuay\/wp-json\/wp\/v2\/pages\/244\/revisions"}],"predecessor-version":[{"id":348,"href":"https:\/\/gpsanbartolome.gob.ec\/azuay\/wp-json\/wp\/v2\/pages\/244\/revisions\/348"}],"wp:attachment":[{"href":"https:\/\/gpsanbartolome.gob.ec\/azuay\/wp-json\/wp\/v2\/media?parent=244"}],"wp:term":[{"taxonomy":"yst_prominent_words","embeddable":true,"href":"https:\/\/gpsanbartolome.gob.ec\/azuay\/wp-json\/wp\/v2\/yst_prominent_words?post=244"}],"curies":[{"name":"wp","href":"https:\/\/api.w.org\/{rel}","templated":true}]}}